{"id":108,"date":"2014-09-29T15:54:11","date_gmt":"2014-09-29T13:54:11","guid":{"rendered":"http:\/\/www.steuerberater-colak.de\/?page_id=108"},"modified":"2026-03-19T16:55:41","modified_gmt":"2026-03-19T15:55:41","slug":"existenzgruendung","status":"publish","type":"page","link":"https:\/\/www.steuerberater-colak.de\/?page_id=108","title":{"rendered":"Existenzgr\u00fcndung"},"content":{"rendered":"<h5>Existenzgr\u00fcnder brauchen mehr als eine Idee: Wir begleiten Sie von der Gr\u00fcndungsplanung, Finanz- und Steuerfragen bis zur Umsetzung. Mit Rat zu Finanzierung, Rechtsform, Liquidit\u00e4t und Umsetzungsm\u00f6glichkeiten sorgen wir daf\u00fcr, dass Ihr Unternehmen von Anfang an auf sicheren Beinen steht. Dabei bleiben wir Ihr verl\u00e4sslicher Partner auch \u00fcber die Gr\u00fcndungsphase hinaus.<\/h5>\n\n\n<figure class=\"wp-block-image size-large\"><a href=\"http:\/\/www.steuerberater-colak.de\/wp-content\/uploads\/2026\/03\/Existenzgruendung-neu.jpg\"><img loading=\"lazy\" decoding=\"async\" width=\"1024\" height=\"714\" src=\"http:\/\/www.steuerberater-colak.de\/wp-content\/uploads\/2026\/03\/Existenzgruendung-neu-1024x714.jpg\" alt=\"\" class=\"wp-image-1597\" srcset=\"https:\/\/www.steuerberater-colak.de\/wp-content\/uploads\/2026\/03\/Existenzgruendung-neu-1024x714.jpg 1024w, https:\/\/www.steuerberater-colak.de\/wp-content\/uploads\/2026\/03\/Existenzgruendung-neu-300x209.jpg 300w, https:\/\/www.steuerberater-colak.de\/wp-content\/uploads\/2026\/03\/Existenzgruendung-neu-768x536.jpg 768w, https:\/\/www.steuerberater-colak.de\/wp-content\/uploads\/2026\/03\/Existenzgruendung-neu-825x575.jpg 825w, https:\/\/www.steuerberater-colak.de\/wp-content\/uploads\/2026\/03\/Existenzgruendung-neu-600x418.jpg 600w, https:\/\/www.steuerberater-colak.de\/wp-content\/uploads\/2026\/03\/Existenzgruendung-neu-400x279.jpg 400w, https:\/\/www.steuerberater-colak.de\/wp-content\/uploads\/2026\/03\/Existenzgruendung-neu.jpg 1216w\" sizes=\"auto, (max-width: 1024px) 100vw, 1024px\" \/><\/a><\/figure>\n","protected":false},"excerpt":{"rendered":"<p>Existenzgr\u00fcnder brauchen mehr als eine Idee: Wir begleiten Sie von der Gr\u00fcndungsplanung, Finanz- und Steuerfragen bis zur Umsetzung. Mit Rat zu Finanzierung, Rechtsform, Liquidit\u00e4t und Umsetzungsm\u00f6glichkeiten sorgen wir daf\u00fcr, dass Ihr Unternehmen von Anfang an auf sicheren Beinen steht. Dabei bleiben wir Ihr verl\u00e4sslicher Partner auch \u00fcber die Gr\u00fcndungsphase hinaus.<\/p>\n","protected":false},"author":1,"featured_media":1597,"parent":8,"menu_order":5,"comment_status":"closed","ping_status":"closed","template":"","meta":{"_kadence_starter_templates_imported_post":false,"footnotes":""},"class_list":["post-108","page","type-page","status-publish","has-post-thumbnail","hentry"],"_links":{"self":[{"href":"https:\/\/www.steuerberater-colak.de\/index.php?rest_route=\/wp\/v2\/pages\/108","targetHints":{"allow":["GET"]}}],"collection":[{"href":"https:\/\/www.steuerberater-colak.de\/index.php?rest_route=\/wp\/v2\/pages"}],"about":[{"href":"https:\/\/www.steuerberater-colak.de\/index.php?rest_route=\/wp\/v2\/types\/page"}],"author":[{"embeddable":true,"href":"https:\/\/www.steuerberater-colak.de\/index.php?rest_route=\/wp\/v2\/users\/1"}],"replies":[{"embeddable":true,"href":"https:\/\/www.steuerberater-colak.de\/index.php?rest_route=%2Fwp%2Fv2%2Fcomments&post=108"}],"version-history":[{"count":16,"href":"https:\/\/www.steuerberater-colak.de\/index.php?rest_route=\/wp\/v2\/pages\/108\/revisions"}],"predecessor-version":[{"id":1608,"href":"https:\/\/www.steuerberater-colak.de\/index.php?rest_route=\/wp\/v2\/pages\/108\/revisions\/1608"}],"up":[{"embeddable":true,"href":"https:\/\/www.steuerberater-colak.de\/index.php?rest_route=\/wp\/v2\/pages\/8"}],"wp:featuredmedia":[{"embeddable":true,"href":"https:\/\/www.steuerberater-colak.de\/index.php?rest_route=\/wp\/v2\/media\/1597"}],"wp:attachment":[{"href":"https:\/\/www.steuerberater-colak.de\/index.php?rest_route=%2Fwp%2Fv2%2Fmedia&parent=108"}],"curies":[{"name":"wp","href":"https:\/\/api.w.org\/{rel}","templated":true}]}}