{"id":20,"date":"2014-09-15T18:02:16","date_gmt":"2014-09-15T16:02:16","guid":{"rendered":"http:\/\/www.steuerberater-colak.de\/?page_id=20"},"modified":"2026-03-19T13:48:51","modified_gmt":"2026-03-19T12:48:51","slug":"impressum","status":"publish","type":"page","link":"https:\/\/www.steuerberater-colak.de\/?page_id=20","title":{"rendered":"Impressum"},"content":{"rendered":"<p><strong><span style=\"color: #000000;\"><a href=\"http:\/\/www.steuerberater-colak.de\/wp-content\/uploads\/2026\/03\/Impressum.png\"><img loading=\"lazy\" decoding=\"async\" class=\"alignright size-thumbnail wp-image-1550\" src=\"http:\/\/www.steuerberater-colak.de\/wp-content\/uploads\/2026\/03\/Impressum-150x150.png\" alt=\"\" width=\"150\" height=\"150\" \/><\/a>Anschrift <\/span><\/strong><span style=\"color: #000000;\"><strong>Kanzlei Herford<\/strong><br \/><\/span><span style=\"color: #000000;\">Steuerberaterkanzlei Colak<br \/><\/span><span style=\"color: #000000;\">L\u00fcbberstrasse 25 \/ 27<br \/><\/span><span style=\"color: #000000;\">D &#8211; 32052 Herford<br \/><br \/><\/span><\/p>\n<p><strong><span style=\"color: #000000;\">Anschrift Kanzlei Bielefeld<br \/><\/span><\/strong><span style=\"color: #000000;\">Steuerberaterkanzlei Colak<br \/><\/span><span style=\"color: #000000;\">Alfred-Bozi-Str. 18<br \/><\/span><span style=\"color: #000000;\">D &#8211; 33602 Bielefeld<br \/><br \/><\/span><\/p>\n<p><strong><span style=\"color: #000000;\">So erreichen Sie uns<br \/><\/span><\/strong><span style=\"color: #000000;\">Fon : (+49) 05221 \/ 120 44 -50<br \/><\/span><span style=\"color: #000000;\">Fax: (+49) 05221 \/ 120 44 -52<br \/><\/span><span style=\"color: #000000;\">Email: info [a] steuerberater-colak.de<br \/><\/span><span style=\"color: #000000;\">Web: www.steuerberater-colak.de<br \/><br \/><\/span><\/p>\n<p><span style=\"color: #000000;\"><strong data-rich-text-format-boundary=\"true\">Rechtliche Angaben<br \/><\/strong>Vertretungsberechtigter: Murat Colak<\/span><br data-rich-text-line-break=\"true\" \/><span style=\"color: #000000;\">Finanzamt Herford<\/span><br data-rich-text-line-break=\"true\" \/><span style=\"color: #000000;\">USt-IdNr. gem\u00e4\u00df \u00a7 27 a Umsatzsteuergesetz: DE260882219<\/span><\/p>\n<p><span style=\"color: #000000;\"><strong>Berufshaftpflichtversicherung<\/strong><em><br \/><\/em>Die berufliche T\u00e4tigkeit ist abgesichert durch eine Verm\u00f6gensschaden-Haftpflichtversicherung, <\/span><br \/><span style=\"color: #000000;\">die in Zusammenhang mit den versicherten Risiken gilt, bei der: <\/span><br \/><span style=\"color: #000000;\">HDI Versicherung AG &#8211; Kundenservice, 30650 Hannover, <\/span><br \/><span style=\"color: #000000;\"><em><br \/><\/em><strong>Berufsbezeichnung<\/strong><\/span><br \/><span style=\"color: #000000;\">Die gesetzliche Berufsbezeichnung \u201eSteuerberater\u201c wurde in der Bundesrepublik Deutschland verliehen.<\/span><br \/><span style=\"color: #000000;\">Staat der Zulassung ist die Bundesrepublik Deutschland.<\/span><\/p>\n<p><span style=\"color: #000000;\"><strong>Zust\u00e4ndige Aufsichtsbeh\u00f6rde der Steuerberater<\/strong><em><br \/><\/em>Steuerberaterkammer Westfalen-Lippe<\/span><br \/><span style=\"color: #000000;\">K\u00f6rperschaft des \u00f6ffentlichen Rechts<\/span><br \/><span style=\"color: #000000;\">Erphostra\u00dfe 43, 48145 M\u00fcnster<\/span><\/p>\n<p><span style=\"color: #000000;\"><strong>Berufsrechtliche Regelungen f\u00fcr Steuerberater<\/strong><\/span><br \/><span style=\"color: #000000;\">&#8211; Steuerberatungsgesetz (StBerG)<\/span><br \/><span style=\"color: #000000;\">&#8211; Durchf\u00fchrungsverordnung zum Steuerberatungsgesetz (DVStB)<\/span><br \/><span style=\"color: #000000;\">&#8211; Berufsordnung der Bundesststeuerberaterkammer (BOStB)<\/span><br \/><span style=\"color: #000000;\">&#8211; Steuerberaterverg\u00fctungsverordnung (StBVV)<\/span><\/p>\n<p><span style=\"color: #000000;\">Alle Texte k\u00f6nnen \u00fcber die Internetseite der Bundessteuerberaterkammer\u00a0<strong><a style=\"color: #000000;\" href=\"http:\/\/www.bstbk.de\/\">www.bstbk.de<\/a><\/strong>\u00a0abgerufen werden.<\/span><\/p>\n<p><span style=\"color: #000000;\"><strong data-rich-text-format-boundary=\"true\"><br \/>Inhaltlich Verantwortlicher gem\u00e4\u00df \u00a7 10 Absatz 3 MDStV:<\/strong><\/span><br data-rich-text-line-break=\"true\" \/><span style=\"color: #000000;\">Hasan Colak, Goethestra\u00dfe 31, 32049 Herford <\/span><\/p>\n<p><span style=\"color: #000000;\"><strong data-rich-text-format-boundary=\"true\">Haftungshinweis:<\/strong><\/span><br data-rich-text-line-break=\"true\" \/><span style=\"color: #000000;\">Trotz sorgf\u00e4ltiger inhaltlicher Kontrolle \u00fcbernehmen wir keine Haftung f\u00fcr die Inhalte externer Links.<\/span><br data-rich-text-line-break=\"true\" \/><span style=\"color: #000000;\">F\u00fcr den Inhalt der verlinkten Seiten sind ausschlie\u00dflich deren Betreiber verantwortlich.<\/span><\/p>\n\n\n<p><\/p>\n\n\n\n<p><\/p>\n\n\n\n<p><\/p>\n\n\n\n<p><\/p>\n","protected":false},"excerpt":{"rendered":"<p>Anschrift Kanzlei HerfordSteuerberaterkanzlei ColakL\u00fcbberstrasse 25 \/ 27D &#8211; 32052 Herford Anschrift Kanzlei BielefeldSteuerberaterkanzlei ColakAlfred-Bozi-Str. 18D &#8211; 33602 Bielefeld So erreichen Sie unsFon : (+49) 05221 \/ 120 44 -50Fax: (+49) 05221 \/ 120 44 -52Email: info [a] steuerberater-colak.deWeb: www.steuerberater-colak.de Rechtliche AngabenVertretungsberechtigter: Murat ColakFinanzamt HerfordUSt-IdNr. gem\u00e4\u00df \u00a7 27 a Umsatzsteuergesetz: DE260882219&hellip;<a href=\"https:\/\/www.steuerberater-colak.de\/?page_id=20\" class=\"more-link\"><span class=\"more-button\">weiterlesen &#8230;<span class=\"screen-reader-text\">Impressum<\/span><\/span><\/a><\/p>\n","protected":false},"author":1,"featured_media":0,"parent":0,"menu_order":0,"comment_status":"closed","ping_status":"closed","template":"","meta":{"_kadence_starter_templates_imported_post":false,"footnotes":""},"class_list":["post-20","page","type-page","status-publish","hentry"],"_links":{"self":[{"href":"https:\/\/www.steuerberater-colak.de\/index.php?rest_route=\/wp\/v2\/pages\/20","targetHints":{"allow":["GET"]}}],"collection":[{"href":"https:\/\/www.steuerberater-colak.de\/index.php?rest_route=\/wp\/v2\/pages"}],"about":[{"href":"https:\/\/www.steuerberater-colak.de\/index.php?rest_route=\/wp\/v2\/types\/page"}],"author":[{"embeddable":true,"href":"https:\/\/www.steuerberater-colak.de\/index.php?rest_route=\/wp\/v2\/users\/1"}],"replies":[{"embeddable":true,"href":"https:\/\/www.steuerberater-colak.de\/index.php?rest_route=%2Fwp%2Fv2%2Fcomments&post=20"}],"version-history":[{"count":16,"href":"https:\/\/www.steuerberater-colak.de\/index.php?rest_route=\/wp\/v2\/pages\/20\/revisions"}],"predecessor-version":[{"id":1552,"href":"https:\/\/www.steuerberater-colak.de\/index.php?rest_route=\/wp\/v2\/pages\/20\/revisions\/1552"}],"wp:attachment":[{"href":"https:\/\/www.steuerberater-colak.de\/index.php?rest_route=%2Fwp%2Fv2%2Fmedia&parent=20"}],"curies":[{"name":"wp","href":"https:\/\/api.w.org\/{rel}","templated":true}]}}