{"id":988,"date":"2021-09-27T12:53:30","date_gmt":"2021-09-27T10:53:30","guid":{"rendered":"https:\/\/www.steuerberater-colak.de\/?page_id=988"},"modified":"2026-03-19T09:59:45","modified_gmt":"2026-03-19T08:59:45","slug":"digitale-steuerberatung","status":"publish","type":"page","link":"https:\/\/www.steuerberater-colak.de\/?page_id=988","title":{"rendered":"Digitale Steuerberatung"},"content":{"rendered":"\n<p><\/p>\n\n\n\n<p><\/p>\n\n\n\n<p class=\"has-dark-gray-color has-text-color\" style=\"font-size:19px\">Im Zeitalter der Digitalisierung verlieren r\u00e4umliche Distanzen zunehmend an Bedeutung.<\/p>\n\n\n\n<p class=\"has-dark-gray-color has-text-color\" style=\"font-size:19px\">Wir beraten Mandanten aus ganz Deutschland und dar\u00fcber hinaus. Dabei setzen wir verst\u00e4rkt auf die digitale L\u00f6sung DATEV Unternehmen Online, die eine Zusammenarbeit \u00fcber Entfernungen hinweg nicht nur erleichtert, sondern reibungslos erm\u00f6glicht. Durch diese Form der digitalen Zusammenarbeit bieten wir unseren Mandanten zeitsparende L\u00f6sungen, sodass sie sich st\u00e4rker auf ihr Kerngesch\u00e4ft konzentrieren k\u00f6nnen. Dabei werden ausschlie\u00dflich die operativen Prozesse digitalisiert.<br>Die individuelle und pers\u00f6nliche Beratung bleibt selbstverst\u00e4ndlich ein unverzichtbarer Bestandteil unserer Zusammenarbeit.<\/p>\n\n\n\n<div class=\"wp-block-columns are-vertically-aligned-top is-layout-flex wp-container-core-columns-is-layout-9d6595d7 wp-block-columns-is-layout-flex\">\n<div class=\"wp-block-column is-layout-flow wp-block-column-is-layout-flow\">\n<figure class=\"wp-block-image size-full is-resized\"><a href=\"http:\/\/www.steuerberater-colak.de\/wp-content\/uploads\/2021\/09\/Zeeitersparnis-e1632738617404.png\"><img loading=\"lazy\" decoding=\"async\" width=\"110\" height=\"109\" src=\"http:\/\/www.steuerberater-colak.de\/wp-content\/uploads\/2021\/09\/Zeeitersparnis-e1632738617404.png\" alt=\"\" class=\"wp-image-1002\" style=\"width:120px\"\/><\/a><figcaption class=\"wp-element-caption\"><strong><span class=\"has-inline-color has-blue-color\">Zeit-<\/span><\/strong> <strong><span class=\"has-inline-color has-blue-color\">und<\/span><\/strong> <strong><span class=\"has-inline-color has-blue-color\">Kostenarsparnis<\/span><\/strong><\/figcaption><\/figure>\n<\/div>\n\n\n\n<div class=\"wp-block-column is-layout-flow wp-block-column-is-layout-flow\">\n<figure class=\"wp-block-image size-full is-resized\"><a href=\"http:\/\/www.steuerberater-colak.de\/wp-content\/uploads\/2021\/09\/Digitalisierung-e1632738645330.png\"><img loading=\"lazy\" decoding=\"async\" width=\"110\" height=\"98\" src=\"http:\/\/www.steuerberater-colak.de\/wp-content\/uploads\/2021\/09\/Digitalisierung-e1632738645330.png\" alt=\"\" class=\"wp-image-1003\" style=\"width:130px\"\/><\/a><figcaption class=\"wp-element-caption\"><strong><span class=\"has-inline-color has-blue-color\"> Digitalisierte und Effektivere Prozesse <\/span><\/strong><\/figcaption><\/figure>\n<\/div>\n\n\n\n<div class=\"wp-block-column is-layout-flow wp-block-column-is-layout-flow\">\n<figure class=\"wp-block-image size-full is-resized\"><a href=\"http:\/\/www.steuerberater-colak.de\/wp-content\/uploads\/2021\/09\/Sicher-Speicherung-e1632738666709.png\"><img loading=\"lazy\" decoding=\"async\" width=\"110\" height=\"120\" src=\"http:\/\/www.steuerberater-colak.de\/wp-content\/uploads\/2021\/09\/Sicher-Speicherung-e1632738666709.png\" alt=\"\" class=\"wp-image-1001\" style=\"width:110px;height:110px\"\/><\/a><figcaption class=\"wp-element-caption\"> <strong><span class=\"has-inline-color has-blue-color\">Sichere Speicherung und sofortiger Zugriff<\/span><\/strong><\/figcaption><\/figure>\n<\/div>\n<\/div>\n\n\n\n<p class=\"has-dark-gray-color has-text-color\" style=\"font-size:19px\"><span class=\"has-inline-color has-black-color\"><strong>Sprechen Sie uns gerne an und profitieren Sie ebenfalls von unserer digitalen Steuerberatung!<\/strong><\/span><\/p>\n\n\n\n<div class=\"wp-block-media-text alignwide is-stacked-on-mobile\"><figure class=\"wp-block-media-text__media\"><video controls src=\"http:\/\/www.steuerberater-colak.de\/wp-content\/uploads\/2021\/09\/Vorteile-in-der-Zusammenarbeit-mit-einer-digitalen-DATEV-Kanzlei.mp4\"><\/video><\/figure><div class=\"wp-block-media-text__content\">\n<p class=\"has-large-font-size\"><span class=\"has-inline-color has-blue-color\">Vorteile der digitalen Zusammenarbeit <\/span><\/p>\n<\/div><\/div>\n\n\n\n<div class=\"wp-block-media-text alignwide is-stacked-on-mobile\"><figure class=\"wp-block-media-text__media\"><video controls src=\"http:\/\/www.steuerberater-colak.de\/wp-content\/uploads\/2021\/09\/Digitale-Zusammenarbeit-mit-Unternehmen-online.mp4\"><\/video><\/figure><div class=\"wp-block-media-text__content\">\n<p class=\"has-large-font-size\"><span class=\"has-inline-color has-blue-color\">Arbeitsweise mit Unternehmen Online<\/span><\/p>\n<\/div><\/div>\n\n\n\n<div class=\"wp-block-media-text alignwide is-stacked-on-mobile\"><figure class=\"wp-block-media-text__media\"><video controls src=\"http:\/\/www.steuerberater-colak.de\/wp-content\/uploads\/2021\/09\/Digitale-Zusammenarbeit-in-der-Finanzbuchfuehrung.mp4\"><\/video><\/figure><div class=\"wp-block-media-text__content\">\n<p class=\"has-large-font-size\"> <span class=\"has-inline-color has-blue-color\">Zusammenarbeit in der Finanzbuchf\u00fchrung<\/span><\/p>\n<\/div><\/div>\n","protected":false},"excerpt":{"rendered":"<p>Im Zeitalter der Digitalisierung verlieren r\u00e4umliche Distanzen zunehmend an Bedeutung. Wir beraten Mandanten aus ganz Deutschland und dar\u00fcber hinaus. Dabei setzen wir verst\u00e4rkt auf die digitale L\u00f6sung DATEV Unternehmen Online, die eine Zusammenarbeit \u00fcber Entfernungen hinweg nicht nur erleichtert, sondern reibungslos erm\u00f6glicht. Durch diese Form der digitalen Zusammenarbeit bieten wir&hellip;<a href=\"https:\/\/www.steuerberater-colak.de\/?page_id=988\" class=\"more-link\"><span class=\"more-button\">weiterlesen &#8230;<span class=\"screen-reader-text\">Digitale Steuerberatung<\/span><\/span><\/a><\/p>\n","protected":false},"author":1,"featured_media":0,"parent":0,"menu_order":0,"comment_status":"closed","ping_status":"closed","template":"","meta":{"_kadence_starter_templates_imported_post":false,"footnotes":""},"class_list":["post-988","page","type-page","status-publish","hentry"],"_links":{"self":[{"href":"https:\/\/www.steuerberater-colak.de\/index.php?rest_route=\/wp\/v2\/pages\/988","targetHints":{"allow":["GET"]}}],"collection":[{"href":"https:\/\/www.steuerberater-colak.de\/index.php?rest_route=\/wp\/v2\/pages"}],"about":[{"href":"https:\/\/www.steuerberater-colak.de\/index.php?rest_route=\/wp\/v2\/types\/page"}],"author":[{"embeddable":true,"href":"https:\/\/www.steuerberater-colak.de\/index.php?rest_route=\/wp\/v2\/users\/1"}],"replies":[{"embeddable":true,"href":"https:\/\/www.steuerberater-colak.de\/index.php?rest_route=%2Fwp%2Fv2%2Fcomments&post=988"}],"version-history":[{"count":33,"href":"https:\/\/www.steuerberater-colak.de\/index.php?rest_route=\/wp\/v2\/pages\/988\/revisions"}],"predecessor-version":[{"id":1455,"href":"https:\/\/www.steuerberater-colak.de\/index.php?rest_route=\/wp\/v2\/pages\/988\/revisions\/1455"}],"wp:attachment":[{"href":"https:\/\/www.steuerberater-colak.de\/index.php?rest_route=%2Fwp%2Fv2%2Fmedia&parent=988"}],"curies":[{"name":"wp","href":"https:\/\/api.w.org\/{rel}","templated":true}]}}